111111111?
100010100011110100100
In base 3, what is 21202 - -21021121020?
21021212222
In base 7, what is 363 + -11615?
-11222
In base 10, what is 8832 - 140286?
-131454
In base 9, what is 431157 - 22?
431135
In base 7, what is -12 - 15520566?
-15520611
In base 14, what is 9 + -50c32?
-50c27
In base 13, what is -2757 - -13ba?
-136a
In base 16, what is -1f30040 + 1?
-1f3003f
In base 3, what is -2022122 + 12110202?
10011010
In base 16, what is 44 - 188693d?
-18868f9
In base 3, what is 22022211210 - -12200?
22100001110
In base 10, what is 55227 - 479?
54748
In base 13, what is 1 + 47b6156?
47b6157
In base 9, what is 1573675 + -40?
1573635
In base 11, what is 1 + 43332114?
43332115
In base 4, what is -11121010332302 + 11?
-11121010332231
In base 3, what is 1011122002 - 211210121?
22211111
In base 14, what is -1630 + 914?
-b1a
In base 14, what is 5ddc4 + 2d?
60013
In base 5, what is -1043 + -2301422024?
-2301423122
In base 6, what is 25244 - -13322?
43010
In base 13, what is -380b42 + 4?
-380b3b
In base 6, what is 125 + -133354?
-133225
In base 2, what is -11101001100000 - -1001111110101?
-10011001101011
In base 10, what is 1864 - 17105?
-15241
In base 7, what is -2 + -154621363?
-154621365
In base 3, what is -2121120 - -1210221000?
1201022110
In base 10, what is 138319 - 252?
138067
In base 12, what is -57 - 229496?
-229531
In base 16, what is -bd3 - 11265?
-11e38
In base 8, what is -23512212 - 3?
-23512215
In base 8, what is -5062276 + -454?
-5062752
In base 7, what is 313050 + -432?
312315
In base 8, what is 766 + 33630?
34616
In base 12, what is -50 - -33a43?
339b3
In base 16, what is -5 + 67f72ee?
67f72e9
In base 4, what is 30300113 - 1203?
30232310
In base 2, what is -111001101000 - -100100001101?
-10101011011
In base 13, what is -2 + -403cc?
-40401
In base 15, what is -506 + 732?
22b
In base 4, what is -310032103013 - -3?
-310032103010
In base 10, what is -217087 - -2294?
-214793
In base 14, what is 35 + -152007?
-151db2
In base 13, what is -216 - -108a94?
10887b
In base 16, what is c993 - -c?
c99f
In base 4, what is 3023132011023 - 10?
3023132011013
In base 10, what is -2161 - 298955?
-301116
In base 3, what is -11022122011020111 - -22?
-11022122011020012
In base 8, what is 621412 - -157?
621571
In base 3, what is 12 - 21022111122201?
-21022111122112
In base 5, what is 421 - 1230323114?
-1230322143
In base 4, what is -3 + -2230233023?
-2230233032
In base 12, what is 66 - -316427?
316491
In base 7, what is 22365643 - -2?
22365645
In base 6, what is 3435223 + -220?
3435003
In base 13, what is -3 + -98ab88?
-98ab8b
In base 3, what is 10100000 + -1201110?
1121120
In base 13, what is -138049c + 1?
-138049b
In base 4, what is -1 - -233331310010?
233331310003
In base 6, what is -10452113120 - 11?
-10452113131
In base 10, what is -40828 - -6388?
-34440
In base 9, what is 167080 + -11831?
155148
In base 2, what is 11010101001001110011100 + 0?
11010101001001110011100
In base 7, what is -1204 - 142551?
-144055
In base 13, what is -2 + 3bb22c5?
3bb22c3
In base 14, what is 56626d9 + 3?
56626dc
In base 5, what is 40030 - -123203?
213233
In base 2, what is -10001100000001111 - 101111001111?
-10010001111011110
In base 12, what is 45a4 + 37aa6?
4048a
In base 7, what is 3 + 43435551?
43435554
In base 2, what is 1101111110 - 101100111010100?
-101011001010110
In base 5, what is -1141023 - 233024?
-1424102
In base 7, what is -134263 + 624?
-133336
In base 6, what is -24 - -14302553?
14302525
In base 5, what is 34204202 - -3011?
34212213
In base 5, what is -14113323 + -1224?
-14120102
In base 7, what is 3442603 + -66?
3442504
In base 15, what is 0 + -6608ca5?
-6608ca5
In base 16, what is 5 - 14ee14a?
-14ee145
In base 11, what is 71570 - -530?
71aa0
In base 5, what is -41332412224 + -40?
-41332412314
In base 5, what is 343131204 + -42?
343131112
In base 11, what is -105 + 29a8431?
29a8327
In base 6, what is 1034234430 + 4?
1034234434
In base 8, what is 0 - -10131661?
10131661
In base 11, what is -1 + 1482116a3?
1482116a2
In base 13, what is -37787 - 149?
-37903
In base 8, what is 137032 - -4730?
143762
In base 10, what is -13 + -1885?
-1898
In base 10, what is -15005361 - -16?
-15005345
In base 4, what is -1030122 - -1101?
-1023021
In base 2, what is -1101101000000 - 10000111011110?
-11110100011110
In base 4, what is 10033202133201 - 0?
10033202133201
In base 14, what is 10b8ad + -bb?
10b7d2
In base 7, what is 2212 - 533006?
-530464
In base 8, what is -3332423 + 65?
-3332336
In base 16, what is -2 - -2de42dc?
2de42da
In base 2, what is 110011101010001110110111 + 11?
110011101010001110111010
In base 13, what is -3 - 33c8473?
-33c8476
In base 2, what is -1101011 - 110101011001001001?
-110101011010110100
In base 6, what is 2 + -141055230?
-141055224
In base 16, what is -f56d9 - 17?
-f56f0
In base 12, what is 151372a + a?
1513738
In base 13, what is 7b12 - -1c5?
8007
In base 2, what is -10 - -110011100000111101110001111?
110011100000111101110001101
In base 9, what is -2 + 227850382?
227850380
In base 6, what is -15151230 + -132?
-15151402
In base 13, what is 291477 - -4?
29147b
In base 5, what is -4021310311 + -22?
-4021310333
In base 13, what is -12025ac + -2?
-12025b1
In base 15, what is -4 - -30a97b?
30a977
In base 12, what is 2b54 + -586?
258a
In base 3, what is 0 + -10221101022211?
-10221101022211
In base 2, what is 101110 + 1110001010101110111110?
1110001010101111101100
In base 13, what is -1c66b + 18?
-1c653
In base 11, what is -40470 + -8351?
-48811
In base 5, what is 1011124 + -13404?
442220
In base 11, what is -5 - 62a31778?
-62a31782
In base 6, what is -124042135 + 44?
-124042051
In base 10, what is 978 - -137813?
138791
In base 11, what is 5 - -a6a069?
a6a073
In base 2, what is -1000010 + 101011010011001010100?
101011010011000010010
In base 13, what is -4c + 96b65?
96b16
In base 8, what is -1704532 - 5?
-1704537
In base 10, what is 6354435 + -29?
6354406
In base 11, what is -2 + a0433a?
a04338
In base 16, what is be43 + -2343?
9b00
In base 11, what is -3 - 14339727?
-1433972a
In base 13, what is 87 + -84813?
-84759
In base 3, what is -101010011121001 - -101?
-101010011120200
In base 4, what is 3132210231020 + 12?
3132210231032
In base 9, what is -37504088 - -23?
-37504065
In base 10, what is -943998 - -250?
-943748
In base 5, what is 11411 + -10210323?
-10143412
In base 6, what is -4545 - 3105?
-12054
In base 12, what is 2113 + -a49?
1286
In base 12, what is -473 - 23093?
-23546
In base 4, what is -233301 - -100222?
-133013
In base 15, what is -bd - -22ada2?
22acd4
In base 11, what is -86505 + -1?
-86506
In base 10, what is 452116 + 0?
452116
In base 16, what is -960d8 + -8ae?
-96986
In base 3, what is -2202120122 + -10?
-2202120202
In base 14, what is -7a - 6cd8?
-6d74
In base 6, what is 2412 + -3522?
-1110
In base 12, what is -2661 + a78?
-17a5
In base 3, what is -10 - -21221100121010?
21221100121000
In base 15, what is -476 + -7dc2c?
-7e1a3
In base 6, what is 3 - 2531244514?
-2531244511
In base 3, what is -1110111120 - -120121211?
-212212202
In base 16, what is 76154 - -3?
76157
In base 12, what is 20a2 - 4?
209a
In base 5, what is 204234141 + -110?
204234031
In base 6, what is -3431405401 - 1?
-3431405402
In base 14, what is -80754 - -5bc?
-80176
In base 15, what is -7 + -27ba20a?
-27ba212
In base 3, what is -122012 + -2001101?
-2200120
In base 15, what is 1e - -2eeadda?
2eeae09
In base 6, what is 5 + 110455110?
110455115
In base 10, what is -159 - -79124?
78965
In base 14, what is -746 + -65d?
-da5
In base 11, what is -14148470 + -8?
-14148478
In base 12, what is 5021b6 + 2?
5021b8
In base 12, what is -963b + -152ab?
-2292a
In base 16, what is -155d4d - -9d?
-155cb0
In base 12, what is -230 + -b977?
-bba7
In base 7, what is -1626432454 + -4?
-1626432461
In base 13, what is -6680 + -4a4?
-6b54
In base 2, what is -11001000110011011111100001 + -110?
-11001000110011011111100111
In base 15, what is 2 + -103b7a77?
-103b7a75
In base 16, what is -1ccfe9c - 5?
-1ccfea1
In base 13, what is 3569 - -246?
37b2
In base 7, what is 0 - 24332461?
-24332461
In base 13, what is 37 + 819985?
8199bc
In base 6, what is -11 + 5452330542?
5452330531
In base 3, what is -210012 - 1122112202?
-1200022221
In base 5, what is 1040301 + 1321220?
2412021
In base 8, what is -142